
Let z(q) = -291*q - 746. Calculate z(-6).
1000
Let d(q) = 61*q + 3282. Calculate d(-97).
-2635
Let z(k) = k**3 - 54*k**2 - 300*k + 34. What is z(59)?
-261
Let j(m) = -m**3 - 11*m**2 - 1172*m - 8061. Calculate j(-7).
-53
Let j(t) = 118519*t - 948148. What is j(8)?
4
Let u(s) = -10685*s + 64748. Calculate u(6).
638
Let m(b) = 1764*b - 31820. Determine m(18).
-68
Let t(u) = -1704*u - 192613. Calculate t(-113).
-61
Let s(a) = -42*a - 443. Determine s(-22).
481
Let q(i) = 3*i**2 - 126744*i - 507013. Calculate q(-4).
11
Let o(y) = -81*y + 10524. What is o(129)?
75
Let h(c) = 2*c - 65. Give h(-65).
-195
Let q(m) = -268*m**2 + 505*m - 2001. Calculate q(4).
-4269
Let y(g) = -1098*g + 545716. What is y(497)?
10
Let v(p) = -12*p**3 - 636*p**2 - 4604*p + 1337. Give v(-9).
5
Let g(t) = -118*t + 22245. Determine g(188).
61
Let b(z) = -3231*z - 174071. Determine b(-54).
403
Let h(s) = -7*s**2 - 229*s - 1518. What is h(-19)?
306
Let b(i) = 12*i**2 - 429*i + 2905. Calculate b(9).
16
Let p(x) = 41962*x + 125869. What is p(-3)?
-17
Let k(m) = -7262*m - 124583. Calculate k(-17).
-1129
Let p(r) = r**2 + 87*r + 359. Give p(22).
2757
Let v(i) = 2*i**3 - 102*i**2 + 19*i + 45. Determine v(51).
1014
Let w(o) = 257*o + 200. Determine w(-1).
-57
Let p(x) = -10006*x + 380231. Determine p(38).
3
Let v(s) = -553*s + 67028. Calculate v(121).
115
Let v(d) = d**3 - 108*d**2 - 6493*d + 23. Give v(151).
23
Let q(d) = -273*d**2 - 13914*d + 459. Give q(-51).
0
Let m(n) = -n**3 + 213*n**2 + 642*n - 91584. Determine m(214).
8
Let m(o) = 77875*o + 1090241. Calculate m(-14).
-9
Let b(x) = 11*x**3 + 79*x**2 + 34*x - 32. Give b(-1).
2
Let l(m) = 1898*m - 8350. Determine l(4).
-758
Let d(m) = -624*m + 94863. Determine d(152).
15
Let y(m) = -26*m**2 + 2556*m - 9907. What is y(4)?
-99
Let n(c) = -16*c**3 - 120*c**2 + 104*c + 120. Give n(-8).
-200
Let f(r) = -r**2 + 63*r + 182621. Determine f(460).
1
Let b(j) = -1874*j - 35672. What is b(-19)?
-66
Let s(y) = -2*y**3 + 27*y**2 + 168*y - 1789. Give s(10).
591
Let t(i) = 89*i**2 + 29460*i + 400. Calculate t(-331).
69
Let k(p) = -323*p - 10263. Determine k(-32).
73
Let y(j) = -3049*j - 33753. Give y(-11).
-214
Let w(y) = -135*y**2 - 15117*y + 362. Give w(-112).
26
Let f(b) = -b**2 - 2723*b - 27390. Determine f(-10).
-260
Let s(j) = 1688*j**3 + 104657*j**2 + 52*j - 613. Determine s(-62).
7
Let j(i) = 453781*i + 9. What is j(0)?
9
Let r(l) = -23*l**2 + 383*l - 1445. Determine r(11).
-15
Let m(j) = 12*j**2 + 1069*j + 358. Give m(-88).
-786
Let g(l) = 9748*l - 58489. Calculate g(6).
-1
Let o(w) = -w**3 - 32*w**2 - 45*w + 1679. Give o(-22).
-2171
Let f(k) = 154*k**2 - 1760*k - 3139. Determine f(13).
7
Let m(c) = -37753*c - 3057995. What is m(-81)?
-2
Let d(q) = 93*q - 4198. Determine d(61).
1475
Let z(p) = -3*p**2 + 56*p + 2092. Calculate z(-22).
-592
Let g(l) = 157*l**2 - 16177*l + 579. Determine g(103).
-39
Let o(d) = 2138*d + 18258. Give o(-8).
1154
Let f(d) = 2*d**3 + 166*d**2 - 340*d - 70. Give f(-85).
-70
Let o(h) = h**3 - 119*h**2 - 933*h + 6422. Determine o(126).
-4
Let y(n) = 73*n - 6488. What is y(83)?
-429
Let q(t) = -3399*t + 642420. What is q(189)?
9
Let y(w) = w**3 + 11*w**2 - 619*w - 8014. Calculate y(-14).
64
Let r(s) = 9*s**2 - 282*s - 532. Calculate r(33).
-37
Let v(b) = 51*b**3 + 197*b**2 - 151*b - 491. Give v(-4).
1
Let b(t) = -544*t + 40143. What is b(75)?
-657
Let w(s) = -s**3 - 153*s**2 - 5508*s + 135. What is w(-95)?
-55
Let x(a) = a**3 - 17*a**2 - 48*a + 247. What is x(19)?
57
Let s(f) = -132*f**2 + 44751*f - 1072. What is s(339)?
-55
Let n(c) = 4085*c - 910958. Determine n(223).
-3
Let y(z) = -2*z**3 + 18*z**2 + 22*z + 284. Give y(11).
42
Let w(h) = 34*h**3 - 16211*h**2 - 19594*h - 1912. What is w(478)?
0
Let y(o) = -2186*o - 196742. Determine y(-90).
-2
Let d(p) = -10*p**2 + 188*p + 765. Calculate d(-4).
-147
Let c(m) = -16*m**2 - 3013*m + 9038. Determine c(3).
-145
Let x(n) = n**3 + 126*n**2 + 2108*n - 1294. Give x(-106).
-22
Let x(d) = 3*d**3 + 1352*d**2 - 459*d - 3650. Give x(-451).
-42
Let q(z) = -z**3 + 36*z**2 + 3161*z - 70. Give q(77).
238
Let x(j) = 9*j**2 + 950*j + 802. What is x(-102)?
-2462
Let q(z) = -4*z**2 + 846*z + 13665. Determine q(-15).
75
Let w(p) = 210*p**2 + 264*p - 1374. Calculate w(5).
5196
Let l(p) = -p**3 - 144*p**2 + 2044*p + 377. Calculate l(-157).
-94
Let i(p) = 9*p**3 - 9*p**2 + 14*p - 29. Calculate i(-6).
-2381
Let c(h) = h**3 - 56*h**2 - 180*h - 189. Calculate c(58).
-3901
Let s(h) = 14*h**2 - 1677*h - 154. Determine s(120).
206
Let z(v) = -178*v - 22325. What is z(-128)?
459
Let k(z) = -z**3 - 10*z**2 + 1827*z + 5549. Calculate k(-3).
5
Let d(w) = -374*w - 89007. What is d(-238)?
5
Let v(x) = 790*x + 117502. Give v(-149).
-208
Let o(i) = i**3 + 146*i**2 + 147*i + 42. Calculate o(-145).
-248
Let x(k) = -56517*k + 339126. What is x(6)?
24
Let j(w) = -w**3 + 98*w**2 - 3640*w - 3736. Give j(-1).
3
Let b(m) = -m**2 - 420*m - 23283. Determine b(-66).
81
Let r(p) = -437*p + 4489. What is r(10)?
119
Let a(k) = 7893*k - 62915. Calculate a(8).
229
Let y(d) = 2*d**3 - 45*d**2 - 329*d + 2545. Give y(27).
223
Let d(u) = 14*u**3 - 5176*u**2 - 1481*u + 457. Calculate d(370).
87
Let g(o) = -6*o**2 - 272*o + 8965. Calculate g(-67).
255
Let i(w) = -174*w - 2579. Calculate i(-9).
-1013
Let u(g) = -233*g + 20073. Give u(87).
-198
Let i(u) = -224*u - 17269. What is i(-70)?
-1589
Let q(r) = -3*r**2 + 486*r. Give q(162).
0
Let g(v) = v**3 - 50*v**2 + 56*v + 268. Determine g(49).
611
Let h(m) = -128*m**2 - 13038*m + 1837. Calculate h(-102).
1
Let i(a) = -a**2 - 605*a - 38058. What is i(-69)?
-1074
Let t(q) = -29759*q - 148800. Give t(-5).
-5
Let o(p) = 9019*p + 178515. Determine o(-20).
-1865
Let g(t) = 1535*t - 59862. What is g(39)?
3
Let v(a) = -11*a**2 - 1513*a + 156. Determine v(-138).
-534
Let s(c) = -697*c - 153319. Determine s(-220).
21
Let b(q) = -1401*q - 4096. Calculate b(-3).
107
Let t(j) = -59*j**2 + 461*j - 387. What is t(7)?
-51
Let u(n) = 352*n**2 + 13023*n - 13. What is u(-37)?
24
Let x(m) = m**3 + 11*m**2 - 864*m - 11507. Calculate x(-14).
1
Let v(o) = 3*o**2 + 30743*o + 61485. Give v(-2).
11
Let z(g) = 407*g + 7735. Determine z(-19).
2
Let b(m) = m**3 + 36*m**2 - 322*m + 22. Determine b(7).
-125
Let w(n) = 61*n**2 + 7057*n - 2157. Give w(-116).
47
Let g(h) = -368*h**2 + 23842*h - 18579. What is g(64)?
-19
Let s(y) = 27*y**2 + 30*y - 52. Give s(5).
773
Let o(x) = 31215*x + 593076. Determine o(-19).
-9
Let v(l) = -l**2 + 2289*l - 96711. Give v(43).
-133
Let q(s) = 6*s**2 + 1062*s + 1072. Calculate q(-176).
16
Let w(l) = -601*l**2 - 3264*l - 3267. Determine w(-1).
-604
Let u(y) = -3*y**2 - 2792*y - 33122. What is u(-12)?
-50
Let p(k) = k**3 + 44*k + 67. Give p(-6).
-413
Let c(y) = 23*y**2 + 10*y - 27. Determine c(5).
598
Let r(p) = p**2 + 118985*p - 4284762. What is r(36)?
-6
Let y(i) = 4*i**2 + 1354*i + 2266. Calculate y(-337).
244
Let n(s) = -2*s**2 - 844*s - 14492. Calculate n(-18).
52
Let a(r) = -5*r**3 - 1755*r**2 - r - 563. Calculate a(-351).
-212
Let u(t) = 86354*t + 9498924. What is u(-110)?
-16
Let o(i) = 29883*i - 30732. Calculate o(1).
-849
Let n(g) = 17*g**2 + 644*g - 740. What is n(-39)?
1
Let c(h) = -278549*h + 30918919. Calculate c(111).
-20
Let j(h) = 515*h**2 + 10803*h - 444. Calculate j(-21).
-192
Let y(s) = -88*s + 1921. Determine y(23).
-103
Let n(h) = -130*h - 14709. What is n(-117)?
501
Let x(u) = 3*u**3 + 40*u**2 - 115*u - 52. Calculate x(3).
44
Let k(n) = 113*n**3 - n**2 - 141*n - 142. Calculate k(-1).
-115
Let b(v) = -v**3 - 43*v**2 + 108*v + 743. Give b(-45).
-67
Let x(k) = -k**3 + 399*k**2 + 1355*k - 60184. Calculate x(402).
-286
Let u(d) = 2*d**3 + 105*d**2 + 1418*d + 2060. What is u(-21)?
65
Let r(g) = 4*g**3 - 44*g**2 + 90*g - 208. Determine r(10).
292
Let h(c) = -5531*c + 116133. What is h(21)?
-18
Let v(q) = q**2 + 68*q + 697. What is v(-56)?
25
Let c(l) = 1063*l**2 - 1055*l + 55. Calculate c(1).
63
Let v(n) = 3110*n + 1287574. What is v(-414)?
34
Let b(i) = -1620*i - 850494. Determine b(-525).
6
Let j(z) = z**2 + 221*z - 96479. Determine j(-440).
-119
Let o(m) = 70299*m - 702995. What is o(10)?
-5
Let m(i) = i**2 - 63279*i - 632858. What is m(-10)?
32
Let w(m) = -3186*m - 127404. Calculate w(-40).
36
Let l(u) = -5*u**2 + 1324*u - 4963. Give l(261).
-4
Let q(x) =